 = c + 937. Is l composite?
False
Let z = -216769 - -472886. Is z composite?
False
Let g = 1142900 + -405289. Is g prime?
False
Let o be -7 + 16/(-4)*-2. Is o*-3037*(0 - 1) composite?
False
Suppose -3*k = 5*z - 3207138 - 780557, -5*z - 4*k + 3987695 = 0. Is z a prime number?
True
Let z(m) = -8801*m + 98. Is z(-3) a prime number?
True
Let j = -7900 - -12761. Is j a composite number?
False
Suppose 4*s - 23*v + 26*v - 242980 = 0, -5*v = -4*s + 242980. Is s prime?
False
Let j be 2 + (4 - 7) - (-2 + 1927). Let m be (-1 + j/4)*-4. Suppose -7*p + 7887 = m. Is p composite?
True
Let p(s) = -2660*s - 3 - 1 + 1. Suppose -3*h + 19 = -3*q + 16, -4*q - 2*h - 4 = 0. Is p(q) a composite number?
False
Suppose 12*l + 2*l = -10*l + 3078168. Is l a composite number?
False
Is (812/29 - 186)/((-2)/3271) composite?
True
Let f(r) = r**2 + 23*r - 111. Let y be f(-15). Is ((-307)/(-2))/(y/238 - -1) a prime number?
False
Let c(s) = -s**3 - 10*s**2 + 3*s + 20. Let d be c(-14). Let z = d - 418. Let a = z - 95. Is a a composite number?
True
Let n be (-28)/(-10) - -1*(-8)/(-40). Suppose -5*u + 0*u - 4*k + 26623 = 0, 0 = -n*k - 9. Is u a prime number?
False
Let j(w) = 75700*w**2 - 32*w - 1. Is j(-1) prime?
True
Let d(q) = 668*q - 73. Let r be d(6). Suppose -r = 41*n - 46*n. Is n prime?
True
Let i(t) = 311*t**2 - 86*t - 1061. Is i(-8) a prime number?
True
Suppose -3*z = 2*v, 2*v + 0 = -2*z - 2. Let r(g) = g**3 - 9 + 31*g**z - 13*g**2 - 6*g - 15*g**2. Is r(7) composite?
False
Suppose 28*d - 5 = 23*d. Let p be d/(-3)*36/(-4) - -1. Suppose -b - 2*z = -4*b + 4091, -b - p*z + 1345 = 0. Is b a composite number?
False
Let l(v) be the second derivative of 191*v**5/20 + v**4/12 - 19*v**3/6 + 41*v**2/2 - 13*v - 2. Is l(2) a composite number?
True
Let s(z) = 6*z**2 - 29*z - 160. Let d(m) = -6*m**2 + 27*m + 159. Let p(w) = 3*d(w) + 4*s(w). Is p(-18) a composite number?
False
Let k = 1018 + -94. Suppose 12*s - 10008 = k. Is s prime?
True
Suppose -32*g = 252*g - 41422252. Is g a prime number?
False
Let p = 2275 + -2266. Let l(v) = -2*v**3 + 13*v**2 - 13*v + 17. Let t(y) = 6*y**3 - 39*y**2 + 39*y - 52. Let j(b) = 8*l(b) + 3*t(b). Is j(p) a composite number?
True
Suppose -25 = 5*r, -g - 2*r - 8 = 1. Let y(l) = 1950*l**2 + l - 2. Is y(g) a composite number?
False
Suppose -b = -1, -4*o = -0*b - 3*b + 223. Let m = 115 - 115. Is (o + m)/(-19 + 18) prime?
False
Let w = -68 + 121. Let j = 61 - w. Suppose -243 = -s + j. Is s a prime number?
True
Suppose -3*m + 9953 = 5*w, 3413*w + 4*m = 3417*w - 7988. Is w a prime number?
True
Let r(c) = 194*c**2 + 286*c + 43. Is r(26) prime?
False
Let y = -564 - -562. Is (7 + -6)*y + 32833 a composite number?
False
Let q(p) = 135*p**2 + 18*p - 115. Let w be q(15). Let a = -16881 + w. Is a a composite number?
False
Is 18739 - (-8 - (-10 - -2)) a prime number?
False
Let f = 116739 - 50308. Is f a composite number?
False
Let a(o) = 19*o**2 + 5*o + 3. Let s(j) = -j**2 + 1. Let p(i) = 11*i**2 + 3*i. Let z(d) = -p(d) - s(d). Let q(g) = 6*a(g) + 11*z(g). Is q(-8) composite?
True
Is 57 + -65 + (1 - -52459) + -5 prime?
False
Suppose 7*d - 523906 = -12*d. Suppose -10192 = -23*r + d. Is r prime?
False
Let v = 9 - 7. Suppose v*n - 3169 + 445 = 0. Suppose -m = -n + 409. Is m a composite number?
False
Let u = 156 - 22. Suppose 57*f + u = 58*f. Let v = f + 245. Is v a composite number?
False
Let z = -58 + 62. Let b be z/(-5) - 17704*(-1)/5. Suppose -y = -b - 119. Is y a prime number?
True
Suppose -2*w + 13 = -4*w + b, 0 = -4*w + b - 23. Let g be (w/(-3))/((-8)/(-24)). Suppose 0 = 2*f - g*m - 293, f + 3*m - 655 = -4*f. Is f a prime number?
False
Suppose -2*r - 22*c + 1497109 = -17*c, 0 = 4*r + c - 2994263. Is r a prime number?
True
Suppose -7*p + 2*p + 10 = 0. Suppose -3*q - 11606 + 2287 = -2*g, p*g - q - 9321 = 0. Is g prime?
False
Suppose -1717275 = z - 4*z. Suppose 5*a - z = -30*a. Is a prime?
False
Let v(s) be the third derivative of 43*s**5/30 + s**4/4 - 11*s**3/6 + 86*s**2. Is v(3) a prime number?
False
Suppose s + 71 = 3*i, -s = 5*i - 4*s - 125. Suppose -i*f = -9*f - 5837. Is f a prime number?
True
Suppose -3*y + 134 = 128. Suppose 5*a - 4*l - 174023 = 0, -a - 3*l + y*l + 34810 = 0. Is a a composite number?
False
Let a(h) = h**3 + 2*h**2 - h + 479. Let w = 55 + -85. Let m = 30 + w. Is a(m) composite?
False
Suppose 5*q = -31 - 44. Let b be 8 + (-175592)/20 - (-4)/(-10). Is (-9)/q - (-2 + b/5) a prime number?
False
Let a be 39/(-4) - 23/92 - -4. Is 15/a*(1 - 398/10) prime?
True
Let g = -6777 - -10460. Is g a composite number?
True
Let s be (3 - -5)/(-4) - (2 + -46). Let u = s + -37. Suppose -6*x + 409 = -u*x. Is x composite?
False
Suppose 0 = 5*d - 3*q - 317, q + 1 + 3 = 0. Let c be (4 - -2 - 1)*d/1. Suppose -4*y - k = -c, y - k = 55 + 25. Is y composite?
True
Let b(a) = 7 + 6 - 8 - a - 3. Let t be b(0). Suppose -723 + 86 = -2*f + 5*r, 2*f - t*r = 646. Is f prime?
False
Suppose -2*d = -20 - 2. Let h be (-1)/(-3)*(d - -4). Suppose -2*n - 4*u = -1118, -n + u - h*u = -559. Is n a composite number?
True
Suppose -3*g - 4*u + 68489 = 0, 0 = 50*g - 44*g + 3*u - 136953. Is g composite?
True
Let v(w) = w**2 + 6*w + 8. Let y be v(-5). Suppose k + 247 = -5*x, -3*k + y*x = -x + 646. Let h = k - -551. Is h composite?
True
Suppose 797*z - 34331714 = 703*z. Is z a composite number?
False
Suppose t - 1354801 = 2*v, 138*t - 5419239 = 134*t + v. Is t composite?
False
Suppose -f + 731*d = 735*d - 11161, -3*f - 3*d = -33546. Is f composite?
True
Is (-2 - 1)/(9/(-150933)) a prime number?
True
Is (-81128)/(-3) - (2/(-4))/(72/48) a composite number?
False
Let r(q) = q**3 + 8*q**2 + 8*q - 5. Let m be r(-7). Let c(f) be the second derivative of f**5/20 + 25*f**4/12 + f**3/3 - f**2/2 + 194*f. Is c(m) prime?
True
Let j = -107 + 113. Suppose -24 = -j*c + 10*c. Is 1*(-8)/24 + (-68)/c prime?
True
Suppose 0 = 72*p - 67*p - f - 1181939, 4*p = 2*f + 945556. Is p composite?
False
Suppose -149*l + 4040761 = -92*l + 116*l. Is l a composite number?
False
Let h = 46 + -66. Is (7/(35/h))/1 - -4341 composite?
False
Let v be ((-218654)/(-11))/2 - (-90)/495. Suppose v = 7*w + 734. Is w a composite number?
True
Suppose 1040*s - 1062*s = -126962. Is s a composite number?
True
Is ((-13)/18 + 54/243)*-11474 a prime number?
True
Suppose -5*a = 1517 + 78. Let l = a - -713. Let q = l - -459. Is q a prime number?
True
Let m = 1071 - -10269. Suppose -2*k = -5*y + 18897, -10*y + 13*y = 3*k + m. Is y a composite number?
False
Let o(n) = 2755*n**2 - n - 7. Let p = -241 + 239. Is o(p) a prime number?
False
Let m(p) = 4*p**3 + 230*p**2 + 3*p + 32. Is m(-14) a composite number?
True
Let k = -438 - -7805. Let c = 14770 - k. Suppose -4*x + 1001 + c = 0. Is x a prime number?
False
Let s(r) = -129*r - 45*r - 115*r - 166. Is s(-33) a composite number?
False
Is ((-153)/(-102))/((-6)/(-6944876)) a composite number?
False
Let k be (-44)/242 - (-92)/22. Let a be (5 - 3) + -13 + k. Let r(d) = 9*d**2 - 3*d + 17. Is r(a) a composite number?
False
Suppose 2*u + 4*b = b + 33, -57 = -3*u + 3*b. Suppose -213894 = -u*a + 381960. Is a prime?
False
Suppose -26520814 = -144*x - 11026558. Is x prime?
True
Let b = 62585 + -37240. Let v = 45564 - b. Is v a prime number?
True
Suppose 33*p = 29*p + 8. Suppose -4*y + 15765 = -7887. Suppose 3*a = 3*c - y, p*a - 1977 = -2*c + c. Is c a prime number?
True
Let c be (1 + (-51)/9)*(-6)/4. Suppose -2*v - 2*s + c = -v, -2*v = 2*s - 6. Is v/(3 + (-8864)/2954) a prime number?
False
Let g be (-1647 - (-2 - 0))/(3/21). Let j = g + 18144. Is j a prime number?
False
Let r(h) = -45*h**2 + 22*h - 122. Let i(y) = 22*y**2 - 12*y + 61. Let z(k) = -5*i(k) - 3*r(k). Is z(10) a prime number?
False
Suppose 2*h + 5*o + 38 = 0, 3*h - 5*o = -3*o - 76. Let w be (-1432)/h*(-2 + 11). Let y = w - 196. Is y prime?
False
Let c = 124 + -92. Suppose 3*u - 11*u = c. Let h(y) = -10*y**3 - 4*y**2 - 5*y - 9. Is h(u) a prime number?
True
Suppose -81*s + 40 = -76*s. Suppose 910 = s*t - 5522. Suppose -2*f + 1202 = -t. Is f composite?
True
Suppose -4*d = 8, 300 = -3*n + 7*n - 4*d. Suppose 2*a - 193 = 2*v - 29, a - 4*v = n. Let y = -16 + a. Is y a prime number?
False
Let n be 8/20*-1*130. Let k = n + 179. Suppose 4*s - 2*i = s + 359, s - k = -3*i. Is s a composite number?
True
Let o(a) = -110*a + 12. Let l(k) = -221*k + 23. Let g(n) = -n**3 + 